{"id":856,"date":"2021-10-07T05:19:42","date_gmt":"2021-10-07T05:19:42","guid":{"rendered":"https:\/\/themexriver.com\/wp\/fastrans\/?page_id=856"},"modified":"2024-10-10T11:06:50","modified_gmt":"2024-10-10T16:06:50","slug":"transporte-de-carga","status":"publish","type":"page","link":"https:\/\/guiatransportes.com\/web\/transporte-de-carga\/","title":{"rendered":"TRANSPORTE DE CARGA"},"content":{"rendered":"\t\t<div data-elementor-type=\"wp-page\" data-elementor-id=\"856\" class=\"elementor elementor-856\">\n\t\t\t\t\t\t<section class=\"elementor-section elementor-top-section elementor-element elementor-element-d779bf8 elementor-section-full_width elementor-section-height-default elementor-section-height-default\" data-id=\"d779bf8\" data-element_type=\"section\">\n\t\t\t\t\t\t<div class=\"elementor-container elementor-column-gap-default\">\n\t\t\t\t\t<div class=\"elementor-column elementor-col-100 elementor-top-column elementor-element elementor-element-7c2303b\" data-id=\"7c2303b\" data-element_type=\"column\">\n\t\t\t<div class=\"elementor-widget-wrap elementor-element-populated\">\n\t\t\t\t\t\t<div class=\"elementor-element elementor-element-6657359 elementor-widget elementor-widget-fastrans_service_details\" data-id=\"6657359\" data-element_type=\"widget\" data-widget_type=\"fastrans_service_details.default\">\n\t\t\t\t<div class=\"elementor-widget-container\">\n\t\t\t\t\t\t\n    <!-- Start of Service details section\n\t============================================= -->\n\t<section id=\"ft-service-details\" class=\"ft-service-details-section page-padding\">\n\t\t<div class=\"container\">\n\t\t\t<div class=\"ft-service-details-content\">\n\t\t\t\t<div class=\"row\">\n\t\t\t\t\t                    <div class=\"col-lg-4\">\n\t\t\t\t\t\t<div class=\"ft-service-sidebar\">\n                        \t<div id=\"fastrans_service_sidebar-2\" class=\"service-widget sidebar-widget widget_fastrans_service_sidebar\">\n\t\t\t<!-- Instagram Widget -->\n\t\t\t<div class=\"ft-service-sidebar-widget headline ul-li-block\">\n\t\t\t\t<div class=\"service-category-widget\">\n\t\t\t\t\t<h3 class=\"widget-title\">Servicios<\/h3>\t\t\t\t\t<ul>\n\t\t\t\t\t\n\t\t\t\t<!-- Title -->\n\t\t\t\t\t\t\t\t<li><a href=\"https:\/\/guiatransportes.com\/web\/transporte-de-carga\/\">Transporte de carga<\/a><\/li>\n\t\t\t\t\t\t\t\t<li><a href=\"https:\/\/guiatransportes.com\/web\/control-de-mercancia\/\">Control de mercanc\u00eda<\/a><\/li>\n\t\t\t\t\t\t\t\t<li><a href=\"https:\/\/guiatransportes.com\/web\/acompanamiento-y-seguimiento\/\">Acompa\u00f1amiento y seguimiento<\/a><\/li>\n\t\t\t\t\t\t\t\t<li><a href=\"https:\/\/guiatransportes.com\/web\/proyectos-logisticos\/\">Proyectos log\u00edsticos<\/a><\/li>\n\t\t\t\t\n\t\t\t\t\t\t\t\t<\/ul>\n\t\t\t\t<\/div>\n\t\t\t<\/div>\n\n\t\t\t<\/div><div id=\"fastrans_support_form-2\" class=\"service-widget sidebar-widget widget_fastrans_support_form\">\n\t\t\t<div class=\"ft-service-sidebar-widget headline ul-li-block\">\n                <div class=\"service-form-widget\">\n                    <h3 class=\"widget-title text-uppercase\">+ Informaci\u00f3n<\/h3>                                        <p>Habla con nosotros y obt\u00e9n m\u00e1s informaci\u00f3n <\/p>\n                                        \n<div class=\"wpcf7 no-js\" id=\"wpcf7-f514-o1\" lang=\"en-US\" dir=\"ltr\" data-wpcf7-id=\"514\">\n<div class=\"screen-reader-response\"><p role=\"status\" aria-live=\"polite\" aria-atomic=\"true\"><\/p> <ul><\/ul><\/div>\n<form action=\"\/web\/wp-json\/wp\/v2\/pages\/856#wpcf7-f514-o1\" method=\"post\" class=\"wpcf7-form init\" aria-label=\"Contact form\" novalidate=\"novalidate\" data-status=\"init\">\n<div style=\"display: none;\">\n<input type=\"hidden\" name=\"_wpcf7\" value=\"514\" \/>\n<input type=\"hidden\" name=\"_wpcf7_version\" value=\"6.0.6\" \/>\n<input type=\"hidden\" name=\"_wpcf7_locale\" value=\"en_US\" \/>\n<input type=\"hidden\" name=\"_wpcf7_unit_tag\" value=\"wpcf7-f514-o1\" \/>\n<input type=\"hidden\" name=\"_wpcf7_container_post\" value=\"0\" \/>\n<input type=\"hidden\" name=\"_wpcf7_posted_data_hash\" value=\"\" \/>\n<\/div>\n<p><span class=\"wpcf7-form-control-wrap\" data-name=\"text-256\"><input size=\"40\" maxlength=\"400\" class=\"wpcf7-form-control wpcf7-text wpcf7-validates-as-required\" aria-required=\"true\" aria-invalid=\"false\" placeholder=\"Nombre\" value=\"\" type=\"text\" name=\"text-256\" \/><\/span><br \/>\n<span class=\"wpcf7-form-control-wrap\" data-name=\"email-466\"><input size=\"40\" maxlength=\"400\" class=\"wpcf7-form-control wpcf7-email wpcf7-validates-as-required wpcf7-text wpcf7-validates-as-email\" aria-required=\"true\" aria-invalid=\"false\" placeholder=\"Email\" value=\"\" type=\"email\" name=\"email-466\" \/><\/span><br \/>\n<span class=\"wpcf7-form-control-wrap\" data-name=\"textarea-867\"><textarea cols=\"40\" rows=\"10\" maxlength=\"2000\" class=\"wpcf7-form-control wpcf7-textarea\" aria-invalid=\"false\" placeholder=\"Su pregunta aqu\u00ed\" name=\"textarea-867\"><\/textarea><\/span><br \/>\n<button>Contactar ahora<\/button>\n<\/p><p style=\"display: none !important;\" class=\"akismet-fields-container\" data-prefix=\"_wpcf7_ak_\"><label>&#916;<textarea name=\"_wpcf7_ak_hp_textarea\" cols=\"45\" rows=\"8\" maxlength=\"100\"><\/textarea><\/label><input type=\"hidden\" id=\"ak_js_1\" name=\"_wpcf7_ak_js\" value=\"136\"\/><script>document.getElementById( \"ak_js_1\" ).setAttribute( \"value\", ( new Date() ).getTime() );<\/script><\/p><div class=\"wpcf7-response-output\" aria-hidden=\"true\"><\/div>\n<\/form>\n<\/div>\n                <\/div>\n            <\/div>\n\n        <\/div>\t\t\t\t\t\t<\/div>\n\t\t\t\t\t<\/div>\n\t\t\t\t\t                    <div class=\"col-lg-8\">\n\t\t\t\t\t\t<div class=\"ft-service-details-content-wrapper headline pera-content\">\n\t\t\t\t\t\t\t<div class=\"ft-service-details-img-wrapper\">\n\t\t\t\t\t\t\t\t<div class=\"row\">\n\t\t\t\t\t\t\t\t\t                                    <div class=\"col-md-6\">\n\t\t\t\t\t\t\t\t\t\t<div class=\"ft-service-details-img\">\n\t\t\t\t\t\t\t\t\t\t\t<img decoding=\"async\" src=\"https:\/\/guiatransportes.com\/web\/wp-content\/uploads\/2024\/09\/cargaaereagt-scaled-e1727207896693.jpg\" alt=\"Awesome Image\">\n\t\t\t\t\t\t\t\t\t\t<\/div>\n\t\t\t\t\t\t\t\t\t<\/div>\n                                                                        \t\t\t\t\t\t\t\t\t<div class=\"col-md-6\">\n\t\t\t\t\t\t\t\t\t\t                                        <div class=\"ft-service-details-img\">\n\t\t\t\t\t\t\t\t\t\t\t<img decoding=\"async\" src=\"https:\/\/guiatransportes.com\/web\/wp-content\/uploads\/2024\/09\/transportegt-e1727208217403.jpg\" alt=\"Awesome Image\">\n\t\t\t\t\t\t\t\t\t\t<\/div>\n                                                                                \t\t\t\t\t\t\t\t\t\t<div class=\"ft-service-details-img\">\n\t\t\t\t\t\t\t\t\t\t\t<img decoding=\"async\" src=\"https:\/\/guiatransportes.com\/web\/wp-content\/uploads\/2024\/09\/contenedoresgt-scaled-e1727208388579.jpg\" alt=\"Awesome Image\">\n\t\t\t\t\t\t\t\t\t\t<\/div>\n                                        \t\t\t\t\t\t\t\t\t<\/div>\n                                    \t\t\t\t\t\t\t\t<\/div>\n\t\t\t\t\t\t\t<\/div>\n\t\t\t\t\t\t\t<div class=\"ft-service-details-text-wrapper\">\n\t\t\t\t\t\t\t\t<h3>Transporte de carga<\/h3> \t\t\t\t\t\t\t\t\n\t\t\t\t\t\t\t\t<p><span style=\"font-weight: 400\">Realizamos transporte de mercanc&iacute;a de un punto a otro(s), tenemos servicios como:&nbsp;<\/span><\/p>\n<ul>\n<li style=\"font-weight: 400\"><b><i>Carga masiva: <\/i><\/b><b><i><br \/><\/i><\/b><span style=\"font-weight: 400\"><br \/><\/span><span style=\"font-weight: 400\">Nuestro servicio de carga masiva incluye la recogida de la mercanc&iacute;a en un punto y como destino se tienen uno o dos clientes como m&aacute;ximo.<\/span><span style=\"font-weight: 400\"><br \/><br \/><\/span><\/li>\n<li style=\"font-weight: 400\"><b><i>Carga semi-masiva:<\/i><\/b><b><i><br \/><\/i><\/b><b><i><br \/><\/i><\/b><span style=\"font-weight: 400\">Consiste en el env&iacute;o de mercanc&iacute;a por uno o dos remitentes y con destino de un m&aacute;ximo de 6 clientes.<\/span><b><i><br \/><br \/><\/i><\/b><\/li>\n<li style=\"font-weight: 400\"><b><i>Carga consolidada:<\/i><\/b><b><i><br \/><\/i><\/b><b><i><br \/><\/i><\/b><span style=\"font-weight: 400\">Transportamos mercanc&iacute;a de propiedad de varios remitentes en un mismo veh&iacute;culo y la cual ser&aacute; distribuida a varios destinatarios ubicados en la misma ciudad de destino, generando as&iacute; una optimizaci&oacute;n en costos al generador de la mercanc&iacute;a. Su tiempo de tr&aacute;nsito oscila entre 3 y 5 d&iacute;as dependiendo de la ruta establecida.<\/span><span style=\"font-weight: 400\"><br \/><br \/><\/span><\/li>\n<li style=\"font-weight: 400\"><b><i>Carga extra dimensionada: <\/i><\/b><b><i><br \/><\/i><\/b><b><i><br \/><\/i><\/b><span style=\"font-weight: 400\">Contamos con una amplia experiencia en el transporte de mercanc&iacute;a que sobrepasa los vol&uacute;menes y peso est&aacute;ndares de los veh&iacute;culos, as&iacute; como en el gestionamiento de permisos, escoltas, t&eacute;cnicos y documentaci&oacute;n necesaria para la movilizaci&oacute;n de la carga.<\/span><span style=\"font-weight: 400\"><br \/><br \/><\/span><\/li>\n<li style=\"font-weight: 400\"><b><i>Movilizaci&oacute;n de contenedores: <\/i><\/b><b><i><br \/><\/i><\/b><b><i><br \/><\/i><\/b><span style=\"font-weight: 400\">La movilizaci&oacute;n de contenedores permite que un cami&oacute;n con capacidad de carga recoja en un punto y lo lleve a un destino, las mercanc&iacute;as que hay que manipular se quedan dentro de una unidad de carga desde la salida y mientras dura el trayecto, permitiendo que esta vaya protegida.<\/span><span style=\"font-weight: 400\"><br \/><br \/><\/span><\/li>\n<li style=\"font-weight: 400\"><b><i>Proceso de ITR en puerto:<\/i><\/b><b><i><br \/><\/i><\/b><b><i><br \/><\/i><\/b><span style=\"font-weight: 400\">Nuestro proceso de ITR, consiste en tres aspectos; primero, la recogida del contenedor en puerto; segundo, la descarga de la mercanc&iacute;a en una de nuestras bodegas o en donde lo necesite el cliente; y tercero, dejar el contenedor nuevamente en el puerto. Este servicio lo hacemos especialmente en Buenaventura y Cartagena.<\/span><span style=\"font-weight: 400\"><br \/><br \/><\/span><\/li>\n<li style=\"font-weight: 400\"><b><i>Distribuci&oacute;n urbana: <\/i><\/b><b><i><br \/><\/i><\/b><b><i><br \/><\/i><\/b><span style=\"font-weight: 400\">Contamos con un amplio parque automotor dedicado exclusivamente a los repartos y entregas dentro del per&iacute;metro urbano de la ciudad de Bogot&aacute; de acorde a la necesidad de nuestros clientes.<\/span><span style=\"font-weight: 400\"><br \/><br \/><\/span><\/li>\n<li style=\"font-weight: 400\"><b><i>Transporte fluvial: <\/i><\/b><b><i><br \/><\/i><\/b><b><i><br \/><\/i><\/b><span style=\"font-weight: 400\"> Trayectoria en el desarrollo de operaciones fluviales a nivel nacional partiendo de nuestra alta experiencia en el sector comunicaciones, con lo cual pone a disposici&oacute;n el conocimiento y la experiencia de su talento humano en el desarrollo de este tipo de servicios con altos est&aacute;ndares de calidad y seguridad, ofreciendo una diversidad de rutas y tr&aacute;nsitos.<\/span><span style=\"font-weight: 400\"><br \/><br \/><\/span><\/li>\n<li><b><i>Carga a&eacute;rea:<\/i><\/b><b><i><br \/><\/i><\/b><b><i><br \/><\/i><\/b><span style=\"font-weight: 400\">Contamos con excelentes socios estrat&eacute;gicos para suministrar el servicio de transporte a&eacute;reo nacional con una amplia cobertura en tr&aacute;nsitos, cumpliendo con los est&aacute;ndares exigidos para el transporte a&eacute;reo de mercanc&iacute;as y con las mejores tarifas del mercado.<\/span><\/li>\n<\/ul>\t\t\t\t\t\t\t\t\n\t\t\t\t\t\t\t\t                                <div class=\"ft-service-details-counter-wrapper\">\n\t\t\t\t\t\t\t\t\t<div class=\"row\">\n\t\t\t\t\t\t\t\t\t\t                                        <div class=\"col-md-6\">\n\t\t\t\t\t\t\t\t\t\t\t<div class=\"ft-service-details-counter-item d-flex align-items-center headline pera-content\">\n\t\t\t\t\t\t\t\t\t\t\t\t<div class=\"ft-service-details-count-icon\">\n\t\t\t\t\t\t\t\t\t\t\t\t\t<i class=\"flaticon-worldwide\"><\/i>\n\t\t\t\t\t\t\t\t\t\t\t\t<\/div>\n\t\t\t\t\t\t\t\t\t\t\t\t<div class=\"ft-service-details-count-text\">\n\t\t\t\t\t\t\t\t\t\t\t\t\t<h4 class=\"title text-uppercase\">TENEMOS CUBRIMIENTO NACIONAL<\/h4>\n\t\t\t\t\t\t\t\t\t\t\t\t\t<h4 class=\"count-number\"><span class=\"count\"><\/span><\/h4>\n\t\t\t\t\t\t\t\t\t\t\t\t\t<p><\/p>\n\t\t\t\t\t\t\t\t\t\t\t\t<\/div>\n\t\t\t\t\t\t\t\t\t\t\t<\/div>\n\t\t\t\t\t\t\t\t\t\t<\/div>\n                                                                                <div class=\"col-md-6\">\n\t\t\t\t\t\t\t\t\t\t\t<div class=\"ft-service-details-counter-item d-flex align-items-center headline pera-content\">\n\t\t\t\t\t\t\t\t\t\t\t\t<div class=\"ft-service-details-count-icon\">\n\t\t\t\t\t\t\t\t\t\t\t\t\t<i class=\"flaticon-logistics\"><\/i>\n\t\t\t\t\t\t\t\t\t\t\t\t<\/div>\n\t\t\t\t\t\t\t\t\t\t\t\t<div class=\"ft-service-details-count-text\">\n\t\t\t\t\t\t\t\t\t\t\t\t\t<h4 class=\"title text-uppercase\">A\u00d1OS DE EXPERIENCIA<\/h4>\n\t\t\t\t\t\t\t\t\t\t\t\t\t<h4 class=\"count-number\"><span class=\"count\">24<\/span>+ <\/h4>\n\t\t\t\t\t\t\t\t\t\t\t\t\t<p><\/p>\n\t\t\t\t\t\t\t\t\t\t\t\t<\/div>\n\t\t\t\t\t\t\t\t\t\t\t<\/div>\n\t\t\t\t\t\t\t\t\t\t<\/div>\n                                        \t\t\t\t\t\t\t\t\t<\/div>\n\t\t\t\t\t\t\t\t<\/div>\n\t\t\t\t\t\t\t\t\t\t\t\t\t\t\t\t                                <h3>ITR en puerto<\/h3>\n                                                                                                <p>Tenemos este servicio para Buenaventura y Cartagena. <\/p>\n\t\t\t\t\t\t\t\t\t\t\t\t\t\t\t\t                                <div class=\"ft-video-content position-relative\">\n\t\t\t\t\t\t\t\t\t<div class=\"ft-video-img-play-btn\">\n\t\t\t\t\t\t\t\t\t\t                                        <div class=\"ft-video-img\">\n\t\t\t\t\t\t\t\t\t\t\t<img decoding=\"async\" src=\"https:\/\/guiatransportes.com\/web\/wp-content\/uploads\/2024\/10\/PUERTO-e1727984872671.jpg\" alt=\"Awesome Image\">\n\t\t\t\t\t\t\t\t\t\t<\/div>\n                                                            \t\t\t\t\t\t\t\t\t\t\t\t\t\t\t<div class=\"ft-video-play\">\n\t\t\t\t\t\t\t\t\t\t\t<a class=\"d-flex justify-content-center align-items-center position-relative video_box\" href=\"https:\/\/www.guiatransportes.com\/imgs-guiatransportes\/PUERTO.mp4\">\n\t\t\t\t\t\t\t\t\t\t\t\t<i class=\"fas fa-play\"><\/i>\n\t\t\t\t\t\t\t\t\t\t\t\t<span class=\"video_btn_border border_wrap-1\"><\/span>\n\t\t\t\t\t\t\t\t\t\t\t\t<span class=\"video_btn_border border_wrap-2\"><\/span>\n\t\t\t\t\t\t\t\t\t\t\t<\/a>\n\t\t\t\t\t\t\t\t\t\t<\/div>\n                                        \t\t\t\t\t\t\t\t\t<\/div>\n\t\t\t\t\t\t\t\t<\/div>\n                                    \t\n\t\t\t\t\t\t\t<\/div>\n\t\t\t\t\t\t<\/div>\n\t\t\t\t\t<\/div>\n\t\t\t\t<\/div>\n\t\t\t<\/div>\n\t\t<\/div>\n\t<\/section>\t\n\t<!-- End of Service details section\n\t============================================= -->\n    \n    \t\t\t\t<\/div>\n\t\t\t\t<\/div>\n\t\t\t\t\t<\/div>\n\t\t<\/div>\n\t\t\t\t\t<\/div>\n\t\t<\/section>\n\t\t<div class=\"elementor-element elementor-element-ee94022 e-flex e-con-boxed e-con e-parent\" data-id=\"ee94022\" data-element_type=\"container\">\n\t\t\t\t\t<div class=\"e-con-inner\">\n\t\t\t\t<div class=\"elementor-element elementor-element-6bd6716 elementor-widget-divider--view-line elementor-widget elementor-widget-divider\" data-id=\"6bd6716\" data-element_type=\"widget\" data-widget_type=\"divider.default\">\n\t\t\t\t<div class=\"elementor-widget-container\">\n\t\t\t\t\t\t\t<div class=\"elementor-divider\">\n\t\t\t<span class=\"elementor-divider-separator\">\n\t\t\t\t\t\t<\/span>\n\t\t<\/div>\n\t\t\t\t\t\t<\/div>\n\t\t\t\t<\/div>\n\t\t\t\t<div class=\"elementor-element elementor-element-b87d0ee elementor-widget elementor-widget-spacer\" data-id=\"b87d0ee\" data-element_type=\"widget\" data-widget_type=\"spacer.default\">\n\t\t\t\t<div class=\"elementor-widget-container\">\n\t\t\t\t\t\t\t<div class=\"elementor-spacer\">\n\t\t\t<div class=\"elementor-spacer-inner\"><\/div>\n\t\t<\/div>\n\t\t\t\t\t\t<\/div>\n\t\t\t\t<\/div>\n\t\t\t\t<div class=\"elementor-element elementor-element-34bac9a elementor-widget elementor-widget-spacer\" data-id=\"34bac9a\" data-element_type=\"widget\" data-widget_type=\"spacer.default\">\n\t\t\t\t<div class=\"elementor-widget-container\">\n\t\t\t\t\t\t\t<div class=\"elementor-spacer\">\n\t\t\t<div class=\"elementor-spacer-inner\"><\/div>\n\t\t<\/div>\n\t\t\t\t\t\t<\/div>\n\t\t\t\t<\/div>\n\t\t\t\t\t<\/div>\n\t\t\t\t<\/div>\n\t\t\t\t<\/div>\n\t\t","protected":false},"excerpt":{"rendered":"<p>Servicios Transporte de carga Control de mercanc\u00eda Acompa\u00f1amiento y seguimiento Proyectos log\u00edsticos + Informaci\u00f3n Habla con nosotros y obt\u00e9n m\u00e1s informaci\u00f3n Contactar ahora &#916; Transporte de carga Realizamos transporte de mercanc&iacute;a de un punto a otro(s), tenemos servicios como:&nbsp; Carga masiva: Nuestro servicio de carga masiva incluye la recogida de la mercanc&iacute;a en un punto [&hellip;]<\/p>\n","protected":false},"author":1,"featured_media":0,"parent":0,"menu_order":0,"comment_status":"closed","ping_status":"closed","template":"tpl-default-elementor.php","meta":{"footnotes":""},"class_list":["post-856","page","type-page","status-publish","hentry"],"_links":{"self":[{"href":"https:\/\/guiatransportes.com\/web\/wp-json\/wp\/v2\/pages\/856","targetHints":{"allow":["GET"]}}],"collection":[{"href":"https:\/\/guiatransportes.com\/web\/wp-json\/wp\/v2\/pages"}],"about":[{"href":"https:\/\/guiatransportes.com\/web\/wp-json\/wp\/v2\/types\/page"}],"author":[{"embeddable":true,"href":"https:\/\/guiatransportes.com\/web\/wp-json\/wp\/v2\/users\/1"}],"replies":[{"embeddable":true,"href":"https:\/\/guiatransportes.com\/web\/wp-json\/wp\/v2\/comments?post=856"}],"version-history":[{"count":38,"href":"https:\/\/guiatransportes.com\/web\/wp-json\/wp\/v2\/pages\/856\/revisions"}],"predecessor-version":[{"id":3302,"href":"https:\/\/guiatransportes.com\/web\/wp-json\/wp\/v2\/pages\/856\/revisions\/3302"}],"wp:attachment":[{"href":"https:\/\/guiatransportes.com\/web\/wp-json\/wp\/v2\/media?parent=856"}],"curies":[{"name":"wp","href":"https:\/\/api.w.org\/{rel}","templated":true}]}}